44 - -657. Suppose 0 = -5*g - 2*m + w, -3*g - 4*m = -m - 195. Suppose 0 = 5*z - 15, 2*l - g = l - 5*z. What is the tens digit of l?
4
Let s(l) = -l + 21. Suppose 0*h = -h - 9. Let k be s(h). Let r = 41 - k. What is the units digit of r?
1
Let l = 30 + -15. Let j = l - 21. What is the units digit of (-4)/(-8)*j - -41?
8
Suppose -1113 = -6*m + 1665. What is the units digit of m?
3
Suppose 0 = 5*b + 5*t + 30, 5*b - 2*t + 1 = 6. What is the tens digit of 3/(6*b)*(-2 + -176)?
8
Let o = 725 + 1388. What is the tens digit of o?
1
Let c(j) = -2*j + 19. Let o(u) = u + 2. Let h(i) = 4*c(i) - 36*o(i). What is the units digit of h(-2)?
2
What is the tens digit of (-5748)/(-14) + (3 - (-25)/(-7))?
1
Suppose -24 = 3*y + 3*y. What is the units digit of 20/2*(y - -5 - 0)?
0
Suppose -52 = -12*i + 248. What is the units digit of i?
5
Suppose -w = 5, y + w = -w + 13. Suppose -5*c - 85 = -0*c. Let s = y + c. What is the units digit of s?
6
Suppose 229*u = 235*u - 7626. What is the tens digit of u?
7
Let b(l) = 39*l - 380. What is the units digit of b(36)?
4
Let a be 6/1*(-10)/30. Let y(g) = g**2 + 3*g + 5. Let s be y(a). What is the units digit of 24 - 0*s/(-3)?
4
Let b be ((-6)/5 - -2)*315/(-14). Let h(f) = -3*f + 44. What is the units digit of h(b)?
8
Let i = -22 - -124. What is the units digit of i?
2
Let a = 2288 - 930. What is the hundreds digit of a?
3
Suppose -16*p + 4015 = -3089. What is the tens digit of p?
4
Let h be -4 + (-12)/(-3) - 4. What is the units digit of h/10 - 1*(-422)/5?
4
Suppose 0 = 2*g - 1205 - 3193. What is the tens digit of g?
9
Let o be ((-216)/42)/(8/(-28)). Suppose -3*j = -0*j + 3*i - 21, 3*i - 25 = -4*j. Let n = o + j. What is the tens digit of n?
2
What is the units digit of ((-35)/(-20))/(6/1560)?
5
Let d(g) = 7*g**2 + 364. What is the units digit of d(0)?
4
Suppose -2*n - 2*k + 15 = -7, 4*k = 8. Suppose n = 4*u - 19. What is the units digit of u?
7
Let y(r) be the third derivative of r**6/120 + 7*r**5/30 - 5*r**4/24 + 7*r**3/6 - r**2. What is the tens digit of y(-14)?
7
What is the hundreds digit of -5 + (-25512)/(-39) - (-16)/(-104)?
6
Let a = 57 - 60. Let t = 20 - 5. What is the units digit of -3 - 1 - t/a?
1
Let q(o) = 4*o**2 + 14*o - 239. What is the hundreds digit of q(14)?
7
What is the tens digit of (((-4326)/(-9))/7)/((-4)/(-6))?
0
Let d be (0 + 18/(-4))*(-896)/(-42). Let q be -66 - (0 + 1)/1. Let v = q - d. What is the units digit of v?
9
Let f = -46 - -49. Suppose -4*h = f*j - 204 - 22, -2*h - 272 = -4*j. What is the units digit of j?
0
Let z be 635/(-5) + 3 + -2. Let v = 5 - -25. What is the units digit of (-1)/5 - z/v?
4
Let r(t) = 26 - 2*t - 5*t**2 + 5*t**2 + 3*t**2 - 10*t. Let i(a) = a**2 - 4*a + 9. Let c(p) = -17*i(p) + 6*r(p). What is the units digit of c(7)?
4
Let q(z) = 278*z**2 - 5*z + 9. What is the hundreds digit of q(2)?
1
Let w = 6 + -29. Let c = 70 + w. What is the units digit of c?
7
Let a(y) be the second derivative of -y**3/6 + 17*y**2/2 - 11*y. What is the units digit of a(8)?
9
Let s(q) = -q**3 - 6*q + 283. What is the tens digit of s(0)?
8
Let p = -910 + 1975. What is the tens digit of p?
6
Let w = 12 + 10. Let c be -140*2 + -6 + 2. What is the tens digit of c/(-6)*33/w?
7
Let v(p) = p**2 + p - 130. What is the tens digit of v(-19)?
1
Let s = -18 + 13. Let y = s + 6. What is the tens digit of (-135)/(-3) - y - -4?
4
What is the hundreds digit of 265/212 + (-7519)/(-4)?
8
Let k = 43 - 51. What is the tens digit of -1*(-2)/k + (-8683)/(-76)?
1
Suppose -1 = 2*u + u + p, -4*p = -5*u - 30. Let w be 1/4*4 - u. Suppose 0*y = w*h - 2*y - 120, 3*y = 0. What is the tens digit of h?
4
Let i be 9/15*20/24*0. Suppose i = -6*s + 10*s - 640. What is the hundreds digit of s?
1
Suppose 5*x - 860 = -220. Suppose 7*t - x = 222. What is the units digit of t?
0
Suppose -3*t - 4*h + h - 396 = 0, t = 4*h - 107. Let s be t/(-3) + 6/9. What is the units digit of (-3)/(2 + (-89)/s)?
3
What is the tens digit of 7007/22 - 3/(-6)?
1
Suppose -137 = -4*y + 91. Let p = y + -21. What is the tens digit of (p - 9)*(-2)/(-3)?
1
Let m(i) = 139*i**3 + 2*i - 1. What is the tens digit of m(1)?
4
Suppose 2*r = 7*r - 20. Let g(l) = 4*l**2 + 3*l + 3*l**2 - 6*l**2. What is the tens digit of g(r)?
2
Let s(b) = -5*b + 10. Let j be s(4). Let w be ((-12)/j)/((-4)/(-10)). Suppose 85 = 5*u + 4*g + 4, w*u + 3*g - 51 = 0. What is the tens digit of u?
1
Suppose 4*t - 3*p = 3984, -977 = -t + 9*p - 13*p. What is the hundreds digit of t?
9
Let x be ((-1)/2)/((-2)/4). Let v(f) = 3*f**2 - f. Let j be v(x). Suppose -o - 105 = -j*b - b, -o = -2*b + 70. What is the tens digit of b?
3
Let t = 75 - -35. Let d = 191 - t. What is the units digit of d?
1
Suppose -2*a - 82 = 24. Let w = a - -60. What is the units digit of w?
7
Suppose 3*h - 7 = 17. Let k = h + -3. Suppose 3*w + 25 = k*w + 3*z, 40 = 5*w + 3*z. What is the units digit of w?
5
Suppose 0 = 4*b - b + 3, 5*b = x - 5. Suppose d + 16 = 4*k, -d + 20 = -x*d + 5*k. Suppose d*s + s = 16. What is the units digit of s?
6
Let m be (540/42)/(-5) - 4/(-7). What is the tens digit of 0 + m*(-41 + 2)?
7
Suppose -g + 4*g = 15. Let h be 6*4 + 0 + 1. Suppose -g*n = -h - 135. What is the tens digit of n?
3
Let m = -10 - -13. Suppose -5*o + 5*c + 25 = c, -o + m*c + 16 = 0. What is the tens digit of (o/(-3))/(8/(-480))?
2
Suppose 2*q - 2*h = 1142, 0 = 2*q + 3*h - 1240 + 83. What is the units digit of (0 + 1/2)*q?
7
Let u be (-18)/4 + 30/20. Let z = 61 + u. Suppose 0 = 2*s - 16 - z. What is the tens digit of s?
3
Let q = 16 - 0. Suppose -q = c + 36. Let d = c - -73. What is the tens digit of d?
2
What is the tens digit of (-186)/(-217)*3710/2?
9
Let v(b) = -b**3 - 35*b**2 - b + 22. What is the units digit of v(0)?
2
Let k(p) = p**3 - 8*p**2 - 9*p + 6. Let u be k(9). Let l(j) = -j**3 + 12*j**2 - 10*j + 11. What is the units digit of l(u)?
7
Suppose 5*n - 2 = 4*u, 0 = -3*u - 0*u - n + 8. Suppose -u*p = -20 + 14. Suppose 0 = 5*q - 83 + p. What is the tens digit of q?
1
Suppose 0 = -2*g + 2*z - 5*z + 1307, 4*g + 3*z - 2611 = 0. What is the tens digit of g?
5
Suppose r + 5*b = 4*r - 5015, -2*r + b = -3355. What is the thousands digit of r?
1
Let j(d) = -8*d**3 - 6*d**2 - 3*d + 3. What is the units digit of j(-3)?
4
Let g = 302 + 428. What is the tens digit of g?
3
Let q(p) = 6*p**3 - 5 - 5*p**3 + 7*p**2 - 7 - 2*p. Let y be q(-7). Suppose -3*t - y*t + 165 = 0. What is the units digit of t?
3
Let r(q) = -1001*q - 47. What is the tens digit of r(-2)?
5
Let s = -15 - -17. Suppose -7 = -h + 5*v, -4*v + s - 7 = -h. What is the tens digit of (-9)/h + 44/2?
2
Let s(p) be the first derivative of -p**4/4 - 8*p**3/3 - 4*p**2 - 10*p + 1. Let i(q) = q - 27. Let c be i(19). What is the tens digit of s(c)?
5
Suppose 57*g - 177 = 54*g. What is the tens digit of g?
5
Let j(u) = u**2 + 22*u + 16. What is the tens digit of j(24)?
2
Suppose -3*g + 6*u - 2*u = -1564, -7*g + 3608 = u. What is the tens digit of g?
1
Let i(n) = 8*n**2 + 84*n - 15. What is the units digit of i(7)?
5
Let x = -28 + 33. Suppose -103 - 64 = -4*z - v, 5*z = x*v + 190. What is the tens digit of z?
4
Let v be (-44)/(-11)*(1 - -13). Let h = v - 119. What is the tens digit of (h/(-6))/(1/2)?
2
Let l(i) = -2*i - 9. Let j be l(-5). What is the tens digit of 58*j + (-16 - -14)?
5
Let l = 2 + 8. Suppose 476 = l*a - 534. What is the hundreds digit of a?
1
Suppose 5*m + z + 6 = -3*z, -4*m = 2*z. Suppose 0 = -3*j, -m*o + 27 = -o + j. What is the units digit of o?
7
Suppose -2*n + 1234 = -4*z, 0 = 4*n + 2*z - 1755 - 723. What is the hundreds digit of n?
6
What is the tens digit of (-1 - 2)*4264/(-123)?
0
Let v(n) = 2*n**2 - 2*n - 1. Let l be v(2). Suppose 30 = -2*f - l*f. What is the tens digit of 13*-5*f/15?
2
Suppose -20*g = 31*g - 61455. What is the units digit of g?
5
Suppose -4*k + 4*u = -7*k + 523, 2*k = u + 334. What is the tens digit of k?
6
Suppose -3*k = -10*j + 5*j + 20, 0 = -j + 4. Suppose 5*z + g = 5*g + 82, -2*z + 4*g + 40 = k. Suppose 2*t + z = 62. What is the tens digit of t?
2
Suppose 5*q = -2*q + 2870. What is the tens digit of q?
1
Suppose 8*c = -429 - 1491. Let x = -95 - c. What is the hundreds digit of x?
1
Suppose -67 = 2*g - 35. Let j = g + 40. What is the tens digit of j?
2
Suppose 0 = 5*y - 5*j - 1580, -4*y + 6*j - 8*j + 1276 = 0. What is the hundreds digit o